{"id":3941,"date":"2013-11-18T17:46:13","date_gmt":"2013-11-18T17:46:13","guid":{"rendered":"http:\/\/protecciondebalcones.com\/site\/?page_id=3941"},"modified":"2020-07-29T20:41:06","modified_gmt":"2020-07-29T20:41:06","slug":"novedades","status":"publish","type":"page","link":"https:\/\/www.protecciondebalcones.com\/site\/novedades\/","title":{"rendered":"Novedades"},"content":{"rendered":"<div class=\"fusion-fullwidth fullwidth-box fusion-builder-row-1 hundred-percent-fullwidth non-hundred-percent-height-scrolling\" style=\"background-color: rgba(255,255,255,0);background-position: center center;background-repeat: no-repeat;padding-top:0px;padding-right:0px;padding-bottom:0px;padding-left:0px;margin-bottom: 0px;margin-top: 0px;border-width: 0px 0px 0px 0px;border-color:#eae9e9;border-style:solid;\" ><div class=\"fusion-builder-row fusion-row\"><div class=\"fusion-layout-column fusion_builder_column fusion-builder-column-0 fusion_builder_column_1_1 1_1 fusion-one-full fusion-column-first fusion-column-last fusion-column-no-min-height\" style=\"margin-top:0px;margin-bottom:0px;\"><div class=\"fusion-column-wrapper fusion-flex-column-wrapper-legacy\" style=\"background-position:left top;background-repeat:no-repeat;-webkit-background-size:cover;-moz-background-size:cover;-o-background-size:cover;background-size:cover;padding: 0px 0px 0px 0px;\"><style type=\"text\/css\">#accordion-3941-1 .fusion-panel:hover{ border-color: #ffa200 } #accordion-3941-1 .fusion-panel { border-color:#ffa200; }.fusion-accordian  #accordion-3941-1 .panel-title a .fa-fusion-box{ color: #ffffff;}.fusion-accordian  #accordion-3941-1 .panel-title a .fa-fusion-box:before{ font-size: 16px; width: 16px;}.fusion-accordian  #accordion-3941-1 .panel-title a{font-size:16px;color:#333333;font-family:'Trebuchet MS', Helvetica, sans-serif;font-weight:400;}.fusion-accordian  #accordion-3941-1 .toggle-content{font-size:15px;color:#3e3061;font-family:'Trebuchet MS', Helvetica, sans-serif;font-weight:400;}.fusion-accordian  #accordion-3941-1 .fa-fusion-box { background-color: #333333;border-color: #333333;}.fusion-accordian  #accordion-3941-1 .panel-title a:not(.active):hover, #accordion-3941-1 .fusion-toggle-boxed-mode:hover .panel-title a { color: #ffa200;}.fusion-accordian  #accordion-3941-1 .panel-title .active .fa-fusion-box,.fusion-accordian  #accordion-3941-1 .panel-title a:not(.active):hover .fa-fusion-box { background-color: #ffa200!important;border-color: #ffa200!important;}<\/style><div class=\"accordian fusion-accordian\"><div class=\"panel-group\" id=\"accordion-3941-1\">\n<style type=\"text\/css\">.fusion-accordian  #accordion-3941-1 .panel-775c296436a529b49 .panel-title a{}.fusion-accordian  #accordion-3941-1 .panel-775c296436a529b49 .toggle-content{}<\/style><div class=\"fusion-panel panel-default panel-775c296436a529b49\"><div class=\"panel-heading\"><h4 class=\"panel-title toggle\" id=\"toggle_775c296436a529b49\"><a aria-expanded=\"false\" aria-controls=\"775c296436a529b49\" role=\"button\" data-toggle=\"collapse\" data-parent=\"#accordion-3941-1\" data-target=\"#775c296436a529b49\" href=\"#775c296436a529b49\"><span class=\"fusion-toggle-icon-wrapper\" aria-hidden=\"true\"><i class=\"fa-fusion-box active-icon awb-icon-minus\" aria-hidden=\"true\"><\/i><i class=\"fa-fusion-box inactive-icon awb-icon-plus\" aria-hidden=\"true\"><\/i><\/span><span class=\"fusion-toggle-heading\">Expo Ahora Mam\u00e1 2015<\/span><\/a><\/h4><\/div><div id=\"775c296436a529b49\" class=\"panel-collapse collapse \" araia-labelledby=\"toggle_775c296436a529b49\"><div class=\"panel-body toggle-content fusion-clearfix\">\n<div class=\"fusion-builder-row fusion-builder-row-inner fusion-row\"><\/div><div class=\"fusion-layout-column fusion_builder_column_inner fusion-builder-nested-column-0 fusion_builder_column_inner_1_2 1_2 fusion-one-half fusion-column-first\" style=\"width:50%;width:calc(50% - ( ( 4% ) * 0.5 ) );margin-right: 4%;margin-top:0px;margin-bottom:20px;\"><div class=\"fusion-column-wrapper fusion-flex-column-wrapper-legacy\" style=\"background-position:left top;background-repeat:no-repeat;-webkit-background-size:cover;-moz-background-size:cover;-o-background-size:cover;background-size:cover;padding: 0px 0px 0px 0px;\">\n<p>Encontranos en el STAND 936, acompa\u00f1amos a la familia en el dise\u00f1o de la protecci\u00f3n adecuada para su hogar, para recibir a los ni\u00f1os por nacer y sus hermanitos en un ambiente de seguridad y tranquilidad.<\/p>\n<p>Podr\u00e1s ver nuestros productos y aclarar dudas e inquietudes.<\/p>\n<p>Te esperamos!!!<\/p>\n<div class=\"fusion-clearfix\"><\/div><\/div><\/div>\n<p><img decoding=\"async\" class=\"alignnone size-full wp-image-4858\" src=\"http:\/\/www.protecciondebalcones.com\/site\/wp-content\/uploads\/expo_2015.jpg\" alt=\"expo_2015\" width=\"400\" height=\"434\" srcset=\"https:\/\/www.protecciondebalcones.com\/site\/wp-content\/uploads\/expo_2015-276x300.jpg 276w, https:\/\/www.protecciondebalcones.com\/site\/wp-content\/uploads\/expo_2015.jpg 400w\" sizes=\"(max-width: 400px) 100vw, 400px\" \/><\/p>\n<\/div><\/div><\/div>\n<style type=\"text\/css\">.fusion-accordian  #accordion-3941-1 .panel-f7e6c91379e9a1d3c .panel-title a{}.fusion-accordian  #accordion-3941-1 .panel-f7e6c91379e9a1d3c .toggle-content{}<\/style><div class=\"fusion-panel panel-default panel-f7e6c91379e9a1d3c\"><div class=\"panel-heading\"><h4 class=\"panel-title toggle\" id=\"toggle_f7e6c91379e9a1d3c\"><a aria-expanded=\"false\" aria-controls=\"f7e6c91379e9a1d3c\" role=\"button\" data-toggle=\"collapse\" data-parent=\"#accordion-3941-1\" data-target=\"#f7e6c91379e9a1d3c\" href=\"#f7e6c91379e9a1d3c\"><span class=\"fusion-toggle-icon-wrapper\" aria-hidden=\"true\"><i class=\"fa-fusion-box active-icon awb-icon-minus\" aria-hidden=\"true\"><\/i><i class=\"fa-fusion-box inactive-icon awb-icon-plus\" aria-hidden=\"true\"><\/i><\/span><span class=\"fusion-toggle-heading\">Nuevo Producto: L\u00e1minas adhesivas o films<\/span><\/a><\/h4><\/div><div id=\"f7e6c91379e9a1d3c\" class=\"panel-collapse collapse \" araia-labelledby=\"toggle_f7e6c91379e9a1d3c\"><div class=\"panel-body toggle-content fusion-clearfix\">\n<div class=\"fusion-layout-column fusion_builder_column_inner fusion-builder-nested-column-1 fusion_builder_column_inner_1_2 1_2 fusion-one-half fusion-column-last\" style=\"width:50%;width:calc(50% - ( ( 4% ) * 0.5 ) );margin-top:0px;margin-bottom:20px;\"><div class=\"fusion-column-wrapper fusion-flex-column-wrapper-legacy\" style=\"background-position:left top;background-repeat:no-repeat;-webkit-background-size:cover;-moz-background-size:cover;-o-background-size:cover;background-size:cover;padding: 0px 0px 0px 0px;\">\n<p>Los avances tecnol\u00f3gicos y las tendencias actuales en los dise\u00f1os han promovido la utilizaci\u00f3n del vidrio de manera creciente en la construcci\u00f3n, no solo como elemento de cierre sino tambi\u00e9n como recurso arquitect\u00f3nico que otorga gran calidad pl\u00e1stica a los edificios.<\/p>\n<p>Resulta imprescindible establecer medidas de seguridad en toda superficie vidriada susceptible de causar accidentes, anulando el peligro latente que representan los vidrios comunes en las aberturas de los edificios de altura existentes.<\/p>\n<p>Los accidentes con vidrios suelen tener consecuencias graves y la mayor\u00eda de ellos ocurren en el hogar (75% del total) afectando mayoritariamente a chicos de edades entre 5 a 14 a\u00f1os. Por este motivo es muy importante prevenir toda situaci\u00f3n que pueda generar un accidente con vidrios. Y la mejor forma de prevenci\u00f3n de accidentes es utilizando los materiales adecuados en todas aquellas \u00e1reas vidriadas de riesgo.<\/p>\n<div class=\"fusion-clearfix\"><\/div><\/div><\/div>[\/fusion_builder_row_inner]\n<p><img decoding=\"async\" class=\"alignnone size-full wp-image-4666\" src=\"http:\/\/www.protecciondebalcones.com\/site\/wp-content\/uploads\/nove_01.jpg\" alt=\"nove_01\" width=\"451\" height=\"357\" srcset=\"https:\/\/www.protecciondebalcones.com\/site\/wp-content\/uploads\/nove_01-300x237.jpg 300w, https:\/\/www.protecciondebalcones.com\/site\/wp-content\/uploads\/nove_01.jpg 451w\" sizes=\"(max-width: 451px) 100vw, 451px\" \/><\/p>\n<p><strong>Descargar Ficha T\u00e9cnica<\/strong>\u00a0 <a href=\"http:\/\/protecciondebalcones.com\/images\/laminas_adhesivas.pdf\" target=\"_blank\" rel=\"noopener noreferrer\"><img decoding=\"async\" class=\"alignnone size-full wp-image-4664\" src=\"http:\/\/www.protecciondebalcones.com\/site\/wp-content\/uploads\/pdf.gif\" alt=\"pdf\" width=\"16\" height=\"16\" \/><\/a><\/p>\n<\/div><\/div><\/div>\n<style type=\"text\/css\">.fusion-accordian  #accordion-3941-1 .panel-df5b105e53eeac3b7 .panel-title a{}.fusion-accordian  #accordion-3941-1 .panel-df5b105e53eeac3b7 .toggle-content{}<\/style><div class=\"fusion-panel panel-default panel-df5b105e53eeac3b7\"><div class=\"panel-heading\"><h4 class=\"panel-title toggle\" id=\"toggle_df5b105e53eeac3b7\"><a aria-expanded=\"false\" aria-controls=\"df5b105e53eeac3b7\" role=\"button\" data-toggle=\"collapse\" data-parent=\"#accordion-3941-1\" data-target=\"#df5b105e53eeac3b7\" href=\"#df5b105e53eeac3b7\"><span class=\"fusion-toggle-icon-wrapper\" aria-hidden=\"true\"><i class=\"fa-fusion-box active-icon awb-icon-minus\" aria-hidden=\"true\"><\/i><i class=\"fa-fusion-box inactive-icon awb-icon-plus\" aria-hidden=\"true\"><\/i><\/span><span class=\"fusion-toggle-heading\">Evento feria - La Rural, Predio ferial de exposiciones<\/span><\/a><\/h4><\/div><div id=\"df5b105e53eeac3b7\" class=\"panel-collapse collapse \" araia-labelledby=\"toggle_df5b105e53eeac3b7\"><div class=\"panel-body toggle-content fusion-clearfix\">\n<p>Acompa\u00f1ando a Ahora mam\u00e1.<\/p>\n<p>Organizada por Ahora mam\u00e1 y con los auspicios de Graco, Creciendo, Jhonsons Baby y Nuk Ahora mam\u00e1 te ofrece todos los productos para vos y tu beb\u00e9.<\/p>\n<p>Del 14 al 17 de Noviembre<\/p>\n<p>Expo Ahora Mam\u00e1 es la exposici\u00f3n m\u00e1s importante dedicada a futuras mam\u00e1s, beb\u00e9s y chicos. Se realiza desde hace 10 a\u00f1os en distintas ciudades de nuestro pa\u00eds como Buenos Aires, C\u00f3rdoba, Rosario, Mendoza y Mar del Plata.<\/p>\n<p>Adem\u00e1s de encontrar las mejores marcas de productos y servicios para la mam\u00e1 y el beb\u00e9, Expo Ahora Mam\u00e1 ofrece a la familia un espacio ideal para compartir y disfrutar diversas actividades. Brinda tambi\u00e9n ciclos de charlas y talleres sobre los temas que m\u00e1s preocupan a las futuras mam\u00e1s a cargo de destacados profesionales: Todo sobre el parto, Cuidados del reci\u00e9n nacido, El ABC para una lactancia exitosa y talleres de masaje infantil, entre muchos otros.<\/p>\n<p>Ahora Mam\u00e1 Expo ofrece una oportunidad \u00fanica para que todos los padres futuros, recientes o experimentados- puedan aprender m\u00e1s sobre la crianza de sus hijos y se informen acerca de las \u00faltimas tendencias del mercado.<\/p>\n<\/div><\/div><\/div>\n<style type=\"text\/css\">.fusion-accordian  #accordion-3941-1 .panel-b70884e9e8c82c001 .panel-title a{}.fusion-accordian  #accordion-3941-1 .panel-b70884e9e8c82c001 .toggle-content{}<\/style><div class=\"fusion-panel panel-default panel-b70884e9e8c82c001\"><div class=\"panel-heading\"><h4 class=\"panel-title toggle\" id=\"toggle_b70884e9e8c82c001\"><a aria-expanded=\"false\" aria-controls=\"b70884e9e8c82c001\" role=\"button\" data-toggle=\"collapse\" data-parent=\"#accordion-3941-1\" data-target=\"#b70884e9e8c82c001\" href=\"#b70884e9e8c82c001\"><span class=\"fusion-toggle-icon-wrapper\" aria-hidden=\"true\"><i class=\"fa-fusion-box active-icon awb-icon-minus\" aria-hidden=\"true\"><\/i><i class=\"fa-fusion-box inactive-icon awb-icon-plus\" aria-hidden=\"true\"><\/i><\/span><span class=\"fusion-toggle-heading\">Nuevo kit para autoinstalaci\u00f3n<\/span><\/a><\/h4><\/div><div id=\"b70884e9e8c82c001\" class=\"panel-collapse collapse \" araia-labelledby=\"toggle_b70884e9e8c82c001\"><div class=\"panel-body toggle-content fusion-clearfix\">\n<p>Hemos desarrollado nuestro nuevo kit de autoinstalaci\u00f3n, con el objetivo de que nuestros usuarios cuenten con todos los materiales necesarios para proteger sus balcones, ventanas y barandas.<\/p>\n<p>Es f\u00e1cilmente instalable y puede adquirirlo en todos nuestros puntos de venta o solicitarnos su env\u00edo.<\/p>\n<\/div><\/div><\/div>\n<\/div><\/div>\n<p>&nbsp;<\/p>\n<div class=\"fusion-sep-clear\"><\/div><div class=\"fusion-separator fusion-full-width-sep\" style=\"margin-left: auto;margin-right: auto;margin-top:10px;margin-bottom:10px;width:100%;\"><div class=\"fusion-separator-border sep-shadow\" style=\"background:radial-gradient(ellipse at 50% -50% , #ffa200 0px, rgba(255, 255, 255, 0) 80%) repeat scroll 0 0 rgba(0, 0, 0, 0);background:-webkit-radial-gradient(ellipse at 50% -50% , #ffa200 0px, rgba(255, 255, 255, 0) 80%) repeat scroll 0 0 rgba(0, 0, 0, 0);background:-moz-radial-gradient(ellipse at 50% -50% , #ffa200 0px, rgba(255, 255, 255, 0) 80%) repeat scroll 0 0 rgba(0, 0, 0, 0);background:-o-radial-gradient(ellipse at 50% -50% , #ffa200 0px, rgba(255, 255, 255, 0) 80%) repeat scroll 0 0 rgba(0, 0, 0, 0);\"><\/div><\/div><div class=\"fusion-sep-clear\"><\/div>\n<p>&nbsp;<\/p>\n<p>Pago con tarjetas de cr\u00e9dito:<img decoding=\"async\" src=\"http:\/\/protecciondebalcones.com\/images\/tarj_01.png\" alt=\"\" width=\"313\" height=\"36\" \/>\u00a0o en cualquier sucursal de <img decoding=\"async\" src=\"http:\/\/protecciondebalcones.com\/images\/tarj_03.png\" alt=\"\" width=\"36\" height=\"36\" \/> <img decoding=\"async\" class=\"alignnone size-full wp-image-4989\" src=\"http:\/\/www.protecciondebalcones.com\/site\/wp-content\/uploads\/logo-sodimac.jpg\" alt=\"\" width=\"36\" height=\"36\" \/> D\u00e9bito:<img decoding=\"async\" src=\"http:\/\/protecciondebalcones.com\/images\/tarj_02.png\" alt=\"\" width=\"112\" height=\"28\" \/><\/p>\n<div class=\"fusion-sep-clear\"><\/div><div class=\"fusion-separator fusion-full-width-sep\" style=\"margin-left: auto;margin-right: auto;margin-top:-50px;margin-bottom:-50px;width:100%;\"><\/div><div class=\"fusion-sep-clear\"><\/div><div class=\"fusion-clearfix\"><\/div><\/div><\/div><\/div><style type=\"text\/css\">.fusion-fullwidth.fusion-builder-row-1 { overflow:visible; }<\/style><\/div>\n","protected":false},"excerpt":{"rendered":"","protected":false},"author":1,"featured_media":0,"parent":0,"menu_order":0,"comment_status":"closed","ping_status":"closed","template":"","meta":[],"_links":{"self":[{"href":"https:\/\/www.protecciondebalcones.com\/site\/wp-json\/wp\/v2\/pages\/3941"}],"collection":[{"href":"https:\/\/www.protecciondebalcones.com\/site\/wp-json\/wp\/v2\/pages"}],"about":[{"href":"https:\/\/www.protecciondebalcones.com\/site\/wp-json\/wp\/v2\/types\/page"}],"author":[{"embeddable":true,"href":"https:\/\/www.protecciondebalcones.com\/site\/wp-json\/wp\/v2\/users\/1"}],"replies":[{"embeddable":true,"href":"https:\/\/www.protecciondebalcones.com\/site\/wp-json\/wp\/v2\/comments?post=3941"}],"version-history":[{"count":19,"href":"https:\/\/www.protecciondebalcones.com\/site\/wp-json\/wp\/v2\/pages\/3941\/revisions"}],"predecessor-version":[{"id":5284,"href":"https:\/\/www.protecciondebalcones.com\/site\/wp-json\/wp\/v2\/pages\/3941\/revisions\/5284"}],"wp:attachment":[{"href":"https:\/\/www.protecciondebalcones.com\/site\/wp-json\/wp\/v2\/media?parent=3941"}],"curies":[{"name":"wp","href":"https:\/\/api.w.org\/{rel}","templated":true}]}}