{"id":3943,"date":"2013-11-18T17:46:52","date_gmt":"2013-11-18T17:46:52","guid":{"rendered":"http:\/\/protecciondebalcones.com\/site\/?page_id=3943"},"modified":"2020-07-30T10:01:17","modified_gmt":"2020-07-30T13:01:17","slug":"contacto","status":"publish","type":"page","link":"https:\/\/www.protecciondebalcones.com\/site\/contacto\/","title":{"rendered":"Consultas"},"content":{"rendered":"<div class=\"fusion-fullwidth fullwidth-box fusion-builder-row-1 hundred-percent-fullwidth non-hundred-percent-height-scrolling\" style=\"background-color: rgba(255,255,255,0);background-position: center center;background-repeat: no-repeat;padding-top:0px;padding-right:0px;padding-bottom:0px;padding-left:0px;margin-bottom: 0px;margin-top: 0px;border-width: 0px 0px 0px 0px;border-color:#eae9e9;border-style:solid;\" ><div class=\"fusion-builder-row fusion-row\"><div class=\"fusion-layout-column fusion_builder_column fusion-builder-column-0 fusion_builder_column_2_3 2_3 fusion-two-third fusion-column-first\" style=\"width:65.3333%; margin-right: 4%;margin-top:0px;margin-bottom:20px;\"><div class=\"fusion-column-wrapper fusion-flex-column-wrapper-legacy\" style=\"background-position:left top;background-repeat:no-repeat;-webkit-background-size:cover;-moz-background-size:cover;-o-background-size:cover;background-size:cover;padding: 0px 0px 0px 0px;\">\n<span style=\"font-size: large; color: #017cc2;\">Formulario de contacto<\/span><\/p>\n<p>Puede solicitar asesoramiento sobre nuestros productos, presupuestos telef\u00f3nicos o una visita de relevamiento de medidas a domicilio, comunic\u00e1ndose telef\u00f3nicamente al 3532-4880 o v\u00eda mail a&nbsp;info@protecciondebalcones.com.<\/p>\n<p>Tambi\u00e9n puede encontrarnos en&nbsp;<a href=\"https:\/\/es-la.facebook.com\/pages\/Limite-Vertical-Proteccion-para-ni%C3%B1os-mascotas-y-adultos-mayores\/147237445355569\" target=\"_blank\" rel=\"noopener noreferrer\">Facebook<\/a>&nbsp;o simplemente puede utilizar el siguiente formulario y un asesor telef\u00f3nico se contactar\u00e1 con usted.<\/p>\n<p style=\"text-align: left;\">\n<div class=\"wpcf7 no-js\" id=\"wpcf7-f4087-o1\" lang=\"es-ES\" dir=\"ltr\">\n<div class=\"screen-reader-response\"><p role=\"status\" aria-live=\"polite\" aria-atomic=\"true\"><\/p> <ul><\/ul><\/div>\n<form action=\"\/site\/wp-json\/wp\/v2\/pages\/3943#wpcf7-f4087-o1\" method=\"post\" class=\"wpcf7-form init\" aria-label=\"Formulario de contacto\" novalidate=\"novalidate\" data-status=\"init\">\n<div style=\"display: none;\">\n<input type=\"hidden\" name=\"_wpcf7\" value=\"4087\" \/>\n<input type=\"hidden\" name=\"_wpcf7_version\" value=\"5.7.7\" \/>\n<input type=\"hidden\" name=\"_wpcf7_locale\" value=\"es_ES\" \/>\n<input type=\"hidden\" name=\"_wpcf7_unit_tag\" value=\"wpcf7-f4087-o1\" \/>\n<input type=\"hidden\" name=\"_wpcf7_container_post\" value=\"0\" \/>\n<input type=\"hidden\" name=\"_wpcf7_posted_data_hash\" value=\"\" \/>\n<input type=\"hidden\" name=\"_wpcf7_recaptcha_response\" value=\"\" \/>\n<\/div>\n<p>Nombre (requerido)\n<\/p>\n<p><span class=\"wpcf7-form-control-wrap\" data-name=\"your-name\"><input size=\"40\" class=\"wpcf7-form-control wpcf7-text wpcf7-validates-as-required\" aria-required=\"true\" aria-invalid=\"false\" value=\"\" type=\"text\" name=\"your-name\" \/><\/span>\n<\/p>\n<p>E-mail (requerido)\n<\/p>\n<p><span class=\"wpcf7-form-control-wrap\" data-name=\"your-email\"><input size=\"40\" class=\"wpcf7-form-control wpcf7-text wpcf7-email wpcf7-validates-as-required wpcf7-validates-as-email\" aria-required=\"true\" aria-invalid=\"false\" value=\"\" type=\"email\" name=\"your-email\" \/><\/span>\n<\/p>\n<p>Tel\u00e9fono\n<\/p>\n<p><span class=\"wpcf7-form-control-wrap\" data-name=\"your-phone\"><input size=\"40\" class=\"wpcf7-form-control wpcf7-text\" aria-invalid=\"false\" value=\"\" type=\"text\" name=\"your-phone\" \/><\/span>\n<\/p>\n<p>*Consulta\n<\/p>\n<p><span class=\"wpcf7-form-control-wrap\" data-name=\"your-message\"><textarea cols=\"40\" rows=\"10\" class=\"wpcf7-form-control wpcf7-textarea\" aria-invalid=\"false\" name=\"your-message\"><\/textarea><\/span>\n<\/p>\n\n<p><input class=\"wpcf7-form-control has-spinner wpcf7-submit\" type=\"submit\" value=\"Enviar\" \/>\n<\/p>\n<p>* En el caso de solicitar presupuesto indicar ancho y alto de cada espacio a cubrir.\n<\/p><input type='hidden' class='wpcf7-pum' value='{\"closepopup\":false,\"closedelay\":0,\"openpopup\":false,\"openpopup_id\":0}' \/><div class=\"fusion-alert alert custom alert-custom fusion-alert-center wpcf7-response-output alert-dismissable\" role=\"alert\" style=\"border-width:1px;\"><div class=\"fusion-alert-content-wrapper\"><span class=\"fusion-alert-content\"><\/span><\/div><button type=\"button\" class=\"close toggle-alert\" data-dismiss=\"alert\" aria-label=\"Close\">&times;<\/button><\/div>\n<\/form>\n<\/div>\n\n<p style=\"text-align: left;\"><div class=\"fusion-clearfix\"><\/div><\/div><\/div>\n<span style=\"font-size: large; color: #017cc2;\">Cont\u00e1ctenos<\/span><\/p>\n<p style=\"text-align: left;\">Victor Hugo 1642 &#8211; PB 1<\/p>\n<p style=\"text-align: left;\">Buenos Aires &#8211; Argentina<\/p>\n<p style=\"text-align: left;\"><strong>(54-11) <\/strong><span style=\"color: #017cc2;\"><strong>3532-4880<\/strong> (l\u00edneas rotativas)<\/span><\/p>\n<p><strong>15-6450-4797<\/strong><\/p>\n<p>info@protecciondebalcones.com<\/p>\n<p><span style=\"color: #c0c0c0;\">__________________________________<\/span><\/p>\n<p>\u2022 Atenci\u00f3n personalizada.<br \/>\n\u2022 Instaladores profesionalizados.<br \/>\n\u2022 Garant\u00eda escrita por instalaci\u00f3n y producto, excluyendo de la misma cualquier da\u00f1o realizado por terceros o fen\u00f3menos climatol\u00f3gicos.<br \/>\n\u2022 Presupuestos sin cargo.<br \/>\n\u2022 Env\u00edos al Interior L\u00ednea B\u00e1sica (kits autoinstalables y material a granel).<br \/>\n\u2022 Solo instalaci\u00f3n L\u00ednea Premium en las 26 sucursales de Easy Homecenter de Ciudad de Buenos Aires y GBA.<\/p>\n<p><span style=\"color: #c0c0c0;\">__________________________________<\/span><\/p>\n<p><a href=\"https:\/\/www.protecciondebalcones.com\/site\/wp-content\/uploads\/medidas1.png\"><img decoding=\"async\" class=\"alignnone wp-image-4470\" src=\"https:\/\/protecciondebalcones.com\/site\/wp-content\/uploads\/medidas1.png\" alt=\"medidas\" width=\"285\" height=\"143\"><\/a><\/p>\n<p><iframe style=\"border: 0;\" tabindex=\"0\" src=\"https:\/\/www.google.com\/maps\/embed?pb=!1m14!1m8!1m3!1d26265.387550386688!2d-58.517171!3d-34.625057!3m2!1i1024!2i768!4f13.1!3m3!1m2!1s0x95bcc82e4abd42f5%3A0x616a13aa07be2e63!2sV%C3%ADctor%20Hugo%201642%2C%20C1408%20CABA!5e0!3m2!1ses!2sar!4v1596113619412!5m2!1ses!2sar\" allowfullscreen=\"allowfullscreen\" aria-hidden=\"false\" width=\"600\" height=\"450\" frameborder=\"0\"><\/iframe><br \/>\n<small><a style=\"color: #0000ff; text-align: left;\" href=\"https:\/\/maps.google.com.ar\/maps?f=q&amp;source=embed&amp;hl=es&amp;geocode=&amp;q=Victor+Hugo+1642,+Buenos+Aires&amp;aq=0&amp;oq=Victor+Hugo+1642&amp;sll=-34.626569,-58.517132&amp;sspn=0.031041,0.040212&amp;ie=UTF8&amp;hq=&amp;hnear=Victor+Hugo+1642,+Monte+Castro,+Buenos+Aires&amp;ll=-34.624977,-58.517181&amp;spn=0.00776,0.010053&amp;t=m&amp;z=14\">Ver mapa m\u00e1s grande<\/a><\/small><\/p>\n<div class=\"fusion-layout-column fusion_builder_column fusion-builder-column-1 fusion_builder_column_1_1 1_1 fusion-one-full fusion-column-last fusion-column-no-min-height\" style=\"margin-top:0px;margin-bottom:0px;\"><div class=\"fusion-column-wrapper fusion-flex-column-wrapper-legacy\" style=\"background-position:left top;background-repeat:no-repeat;-webkit-background-size:cover;-moz-background-size:cover;-o-background-size:cover;background-size:cover;padding: 0px 0px 0px 0px;\"><div class=\"fusion-sep-clear\"><\/div><div class=\"fusion-separator fusion-full-width-sep\" style=\"margin-left: auto;margin-right: auto;margin-top:10px;margin-bottom:10px;width:100%;\"><div class=\"fusion-separator-border sep-shadow\" style=\"background:radial-gradient(ellipse at 50% -50% , #ffa200 0px, rgba(255, 255, 255, 0) 80%) repeat scroll 0 0 rgba(0, 0, 0, 0);background:-webkit-radial-gradient(ellipse at 50% -50% , #ffa200 0px, rgba(255, 255, 255, 0) 80%) repeat scroll 0 0 rgba(0, 0, 0, 0);background:-moz-radial-gradient(ellipse at 50% -50% , #ffa200 0px, rgba(255, 255, 255, 0) 80%) repeat scroll 0 0 rgba(0, 0, 0, 0);background:-o-radial-gradient(ellipse at 50% -50% , #ffa200 0px, rgba(255, 255, 255, 0) 80%) repeat scroll 0 0 rgba(0, 0, 0, 0);\"><\/div><\/div><div class=\"fusion-sep-clear\"><\/div>\n<p>&nbsp;<\/p>\n<p>Pago con tarjetas de cr\u00e9dito:<img decoding=\"async\" src=\"https:\/\/protecciondebalcones.com\/images\/tarj_01.png\" alt=\"\" width=\"313\" height=\"36\">&nbsp;o en cualquier sucursal de <img decoding=\"async\" src=\"https:\/\/protecciondebalcones.com\/images\/tarj_03.png\" alt=\"\" width=\"36\" height=\"36\"> <img decoding=\"async\" class=\"alignnone size-full wp-image-4989\" src=\"https:\/\/www.protecciondebalcones.com\/site\/wp-content\/uploads\/logo-sodimac.jpg\" alt=\"\" width=\"36\" height=\"36\"> D\u00e9bito:<img decoding=\"async\" src=\"https:\/\/protecciondebalcones.com\/images\/tarj_02.png\" alt=\"\" width=\"112\" height=\"28\"><\/p>\n<div class=\"fusion-sep-clear\"><\/div><div class=\"fusion-separator fusion-full-width-sep\" style=\"margin-left: auto;margin-right: auto;margin-top:50px;margin-bottom:50px;width:100%;\"><\/div><div class=\"fusion-sep-clear\"><\/div><div class=\"fusion-clearfix\"><\/div><\/div><\/div><\/div><style type=\"text\/css\">.fusion-fullwidth.fusion-builder-row-1 { overflow:visible; }<\/style><\/div>\n","protected":false},"excerpt":{"rendered":"","protected":false},"author":1,"featured_media":0,"parent":0,"menu_order":0,"comment_status":"closed","ping_status":"closed","template":"","meta":[],"_links":{"self":[{"href":"https:\/\/www.protecciondebalcones.com\/site\/wp-json\/wp\/v2\/pages\/3943"}],"collection":[{"href":"https:\/\/www.protecciondebalcones.com\/site\/wp-json\/wp\/v2\/pages"}],"about":[{"href":"https:\/\/www.protecciondebalcones.com\/site\/wp-json\/wp\/v2\/types\/page"}],"author":[{"embeddable":true,"href":"https:\/\/www.protecciondebalcones.com\/site\/wp-json\/wp\/v2\/users\/1"}],"replies":[{"embeddable":true,"href":"https:\/\/www.protecciondebalcones.com\/site\/wp-json\/wp\/v2\/comments?post=3943"}],"version-history":[{"count":73,"href":"https:\/\/www.protecciondebalcones.com\/site\/wp-json\/wp\/v2\/pages\/3943\/revisions"}],"predecessor-version":[{"id":5412,"href":"https:\/\/www.protecciondebalcones.com\/site\/wp-json\/wp\/v2\/pages\/3943\/revisions\/5412"}],"wp:attachment":[{"href":"https:\/\/www.protecciondebalcones.com\/site\/wp-json\/wp\/v2\/media?parent=3943"}],"curies":[{"name":"wp","href":"https:\/\/api.w.org\/{rel}","templated":true}]}}